t x = 10581 + -6801. What is the greatest common factor of x and 70?
70
Let u be (-4 + 0 + 5)*-26. Let y = u + 60. Suppose y = q + 9. What is the highest common divisor of 200 and q?
25
Let w(d) = 5*d**2 + 11*d + 8. Let u be w(-2). Let j be (-38 - -50)*(1 + 34/u). Calculate the highest common factor of 100 and j.
20
Suppose 4*k - 16929 = 3*t - 341, 12452 = 3*k - 5*t. Calculate the highest common divisor of 56 and k.
56
Suppose -4*a - n = -19, -a = -3*n + 9 - 4. Suppose -a*j = j - 265. Suppose -3*r = 14 - j. Calculate the highest common factor of r and 52.
13
Suppose -14*m = -4*b - 908, 5*m = -2*b + 3*b + 326. What is the highest common factor of 3498 and m?
66
Let z be (1/4*-2125)/((-5)/4 + 1). Calculate the highest common factor of z and 250.
125
Let o = -18 + 27. Let m = 591 - 534. Suppose -18*t - 3 + m = 0. Calculate the highest common divisor of o and t.
3
Let f = -2 + 5. Let x be (-108)/(-20) - 4/10. Suppose 5*g - 3*t + 2 = 0, g = f*g + x*t - 24. What is the greatest common divisor of 16 and g?
2
Let n(o) = 4032*o**2 - 120*o + 121. Let v be n(1). Calculate the greatest common factor of v and 218.
109
Let f be 262/4 - (-2821)/434. What is the highest common factor of f and 13128?
24
Suppose -r + 58 = 5*n + 9, 5*r = 2*n + 2. Let t(o) = -2*o**3 - 4*o**2 - 70*o - 449. Let u be t(-7). Calculate the greatest common divisor of n and u.
9
Let x be ((-1888)/6)/(250/(-750)). Calculate the greatest common divisor of 826 and x.
118
Let g(r) be the third derivative of r**6/120 - 2*r**5/5 + r**4 - 3*r**3/2 - 118*r**2. Let t be g(23). Calculate the greatest common factor of 210 and t.
14
Let j be 33/((-2574)/(-12)) + 23775/13. What is the highest common divisor of j and 31?
31
Let j = 152241 - 152215. Let f be (-4)/(-6) + (-20)/(-6). What is the highest common factor of f and j?
2
Suppose 44*c = 49*c - 15. Suppose -128 - 217 = -c*g. Let k(v) = v**3 - 7*v**2 - v - 10. Let r be k(8). Calculate the highest common divisor of g and r.
23
Let f = 8574 + -8034. Calculate the highest common divisor of 300 and f.
60
Suppose -90*h + 756 = -78*h. Let w(i) = i**2 - 6*i - 20. Let o be w(9). What is the highest common factor of o and h?
7
Let t(c) = c**3 - 4*c**2 - c + 4. Let q be t(4). Let h be 1 + (39/1 - q). Suppose -4*v + 24960 = 43*v + 31*v. Calculate the highest common divisor of v and h.
40
Let j(z) = z**3 + 4*z**2 - 7*z - 6. Let r be j(-5). Suppose 7*y - r = -4. Suppose y = -9*s + 5*s + 24. Calculate the greatest common factor of s and 4.
2
Suppose -2*i + 5*i = 21. Suppose -188 + 41 = i*d. Let b be (d/(-28))/((-3)/9)*-44. What is the greatest common factor of b and 11?
11
Let p(h) = h**3 + 38*h**2 - 182*h - 30. Let f be p(-42). What is the highest common factor of f and 18?
18
Suppose -5*o + 12990 = 5*t, -804*t = 2*o - 808*t - 5148. Calculate the greatest common factor of 595 and o.
35
Suppose 4*a - 372 = -3*m, 0 = -3*a - m + 89 + 185. What is the greatest common divisor of 5760 and a?
90
Let v(h) = -4*h**2 - 11*h - 71. Let d(t) = 7*t**2 + 23*t + 141. Let b(f) = 3*d(f) + 5*v(f). Let n be b(-8). What is the highest common divisor of 128 and n?
4
Suppose -35*l + 27*l + 384 = 0. Let i be (-2)/8 + (-2019)/(-12). What is the greatest common divisor of l and i?
24
Let x(a) = -75*a + 184. Let m be x(-2). What is the highest common factor of m and 1837?
167
Suppose 2*w - 65*w + 203052 - 37488 = 0. Calculate the highest common factor of w and 612.
36
Let o be (-1 - (0 + -1) - -1)*52. Suppose 3*t - 7*t = -o. Suppose d + t - 49 = 0. What is the highest common divisor of 27 and d?
9
Let l = -122 + 162. Suppose -3*a = 23 - 116. Let y = a - 15. What is the greatest common factor of l and y?
8
Let o be 4*(-24)/80*(-360)/4. Suppose 0 = -3*k + 87 + 48. What is the highest common factor of o and k?
9
Let s(r) = r**2 + r - 5. Let o be s(5). Let b be -1 + -1 + (-188)/4. Let j = b + 74. Calculate the highest common divisor of j and o.
25
Let z = -778 - -838. Suppose -2*f + 4*f = 2. Let y be 15*(f + (-3 - -3)). What is the highest common factor of z and y?
15
Let x(c) = -3*c**2 - 18*c + 3. Let a be x(-6). Suppose 0*t - 3*d - 216 = -4*t, t - 77 = -5*d. What is the highest common divisor of t and a?
3
Let r(u) = -2*u**3 - 14*u**2 + 17*u - 25. Let s be r(-18). Calculate the highest common factor of 7 and s.
7
Suppose 6*d + 5 = 47. Suppose d*i = -2*i + 45. Let w be (57/(-15) + i)/(3/20). What is the highest common divisor of 20 and w?
4
Suppose n - 2856 = 2*j - 978, 28 = 4*j. What is the highest common factor of 860 and n?
172
Suppose 365 = 17*o + 3*o - 215. What is the highest common divisor of o and 25143?
29
Let x(g) = 4*g + 38. Let o be x(-11). Let m be (-9)/o*26*(4 + -2). Calculate the highest common factor of 2 and m.
2
Let d(m) = 23*m - 818. Let b be d(36). Calculate the greatest common factor of b and 2270.
10
Let v(p) = -p**3 + 39*p**2 - 64*p - 26. Let l be v(37). Let t = 554 + -511. Calculate the highest common factor of t and l.
43
Let o(t) = -264*t**3 - 14*t**2 + 2*t + 2. Let v be o(-2). Calculate the greatest common divisor of 156 and v.
26
Suppose 876*m = 913*m - 1628. Let v(j) be the first derivative of 31*j**2/2 - 5*j + 10. Let f be v(3). What is the greatest common divisor of m and f?
44
Let r be 46 - (9 - 12) - -20. Calculate the greatest common factor of 24 and r.
3
Let x(i) = i**3 - 18*i**2 + 21*i - 36. Suppose 3*u = f - 2*f + 11, -4*f - 5*u = -58. Let s be x(f). What is the highest common factor of s and 8?
8
Let x be (34/(-6))/((-9)/378). Suppose 9*o = 173 + 79. Calculate the highest common divisor of x and o.
14
Let i be 7/((-21)/(-78)) - -2. Suppose -5*f + i = -7. Let k = 556 + -507. Calculate the highest common divisor of k and f.
7
Let z = 272 - 272. Let o(p) = -p**3 - 2*p**2 - 5*p + 126. Let t be o(z). Calculate the highest common factor of 72 and t.
18
Let v(w) = -4*w**2 - 6*w - 12. Let d(l) = l**2 + 1. Let x(o) = 3*d(o) + v(o). Let c be x(-7). Let k = -12 - c. What is the greatest common divisor of 44 and k?
4
Suppose 39200 = 234*n - 184*n. What is the greatest common divisor of 49 and n?
49
Suppose -13*m + 143 = -78. Let o(g) = -5*g + 169. Let n be o(m). What is the greatest common divisor of n and 132?
12
Let x(g) = 1 + 1795*g - 1 - 1801*g. Let a(q) = q**2 + 13*q - 1. Let l(i) = 3*a(i) + 7*x(i). Let o be l(-2). What is the highest common factor of o and 5?
5
Let t be 2944/1104*1374/4. Calculate the greatest common factor of 229 and t.
229
Let y be 4 - (-4 + 4) - -1. Let j be (-30)/(-25)*((-4350)/(-9))/y. What is the greatest common divisor of 29 and j?
29
Let w(x) = -3*x - 6. Suppose 2*i = -m + 11, m - 3*i - 35 = -4. Let s be w(m). Let b = 75 + s. Calculate the highest common factor of b and 30.
6
Let o(t) = 2*t + t + 9*t**2 - 13 - t**3 - 15*t + t. Let k be o(7). Calculate the highest common factor of k and 56.
8
Suppose 5*k - 115 = 5*v, -4*v - 50 = -5*k + 46. Suppose 82*p - 160*p + 94*p + 144 = 0. Let x = p - v. What is the highest common factor of 30 and x?
10
Let n be ((-18)/(-72))/((-3)/(-144)). What is the greatest common factor of 129 and n?
3
Suppose 22*p + 104 = 35*p. Let i be 740/111*(-4)/(p/(-3)). Calculate the highest common divisor of i and 65.
5
Suppose 403*d = 392*d - 33. Let k be -6 - (-19 + 0/d). Calculate the highest common factor of 611 and k.
13
Let q be (5/(135/(-126)))/((-4)/(-630)). Let p = q - -746. Calculate the greatest common divisor of p and 451.
11
Suppose -3*b + 16 = 5*f, b - 5*f - 23 - 9 = 0. Suppose 2*a = 4*c + a - 1393, -2*c + 3*a + 699 = 0. What is the highest common factor of b and c?
12
Let i = 4892 + -4154. What is the highest common divisor of i and 18?
18
Let t = 71 - -322. Suppose -f - t = -4*f. Suppose -f = -2*c + 229. Calculate the highest common divisor of 20 and c.
20
Let r(s) = 12*s + 55. Suppose -4 - 32 = 12*l. Let c be r(l). What is the highest common divisor of c and 95?
19
Let z be (0 - 29)/(-20 - -19). Suppose 13*y = 14*y - z. Suppose -d + o = -y, 3*o = -4*d + 5 + 97. What is the greatest common divisor of d and 135?
27
Let k be 1/(-2) - (-50)/4. Suppose -3*v = l - 59, 4*v - 64 = -4*l + k. Suppose -v*y + 135 = -15*y. What is the greatest common divisor of y and 27?
27
Suppose j = 4*j + 2*a - 293, 3*a = -j + 107. Suppose 22*h + 21 = 29*h. Let p be -1 + h + -1 - -37. Calculate the greatest common factor